{"id":408,"date":"2019-11-26T12:22:54","date_gmt":"2019-11-26T12:22:54","guid":{"rendered":"https:\/\/demosites.io\/blogger-gb\/?page_id=5"},"modified":"2023-07-06T00:03:23","modified_gmt":"2023-07-06T00:03:23","slug":"582c1-blogger-gb-home","status":"publish","type":"page","link":"https:\/\/www.drektoronishi.com.br\/","title":{"rendered":"Home"},"content":{"rendered":"<div class=\"wp-block-image\">\n<figure class=\"aligncenter size-large\"><img loading=\"lazy\" decoding=\"async\" width=\"1024\" height=\"461\" src=\"https:\/\/www.drektoronishi.com.br\/wp-content\/uploads\/2023\/07\/logotipo-ektor-aprovado-2-1024x461.jpg\" alt=\"\" class=\"wp-image-421\" srcset=\"https:\/\/www.drektoronishi.com.br\/wp-content\/uploads\/2023\/07\/logotipo-ektor-aprovado-2-1024x461.jpg 1024w, https:\/\/www.drektoronishi.com.br\/wp-content\/uploads\/2023\/07\/logotipo-ektor-aprovado-2-300x135.jpg 300w, https:\/\/www.drektoronishi.com.br\/wp-content\/uploads\/2023\/07\/logotipo-ektor-aprovado-2-768x346.jpg 768w, https:\/\/www.drektoronishi.com.br\/wp-content\/uploads\/2023\/07\/logotipo-ektor-aprovado-2-1536x691.jpg 1536w, https:\/\/www.drektoronishi.com.br\/wp-content\/uploads\/2023\/07\/logotipo-ektor-aprovado-2-2048x922.jpg 2048w\" sizes=\"auto, (max-width: 1024px) 100vw, 1024px\" \/><\/figure>\n<\/div>\n\n\n<div id=\"wp-block-themeisle-blocks-advanced-columns-b320f813\" class=\"wp-block-themeisle-blocks-advanced-columns has-2-columns has-desktop-equal-layout has-tablet-equal-layout has-mobile-collapsedRows-layout has-vertical-unset\"><div class=\"wp-block-themeisle-blocks-advanced-columns-overlay\"><\/div><div class=\"innerblocks-wrap\">\n<div id=\"wp-block-themeisle-blocks-advanced-column-42182f0d\" class=\"wp-block-themeisle-blocks-advanced-column\">\n<h3 class=\"wp-block-heading\">Otorrinolaringologia<\/h3>\n\n\n\n<p>\u00c9 uma especialidade m\u00e9dica focada nas doen\u00e7as e condi\u00e7\u00f5es que afetam o ouvido, nariz e garganta. Atendimento tanto cl\u00ednico quanto cir\u00fargico.<\/p>\n\n\n\n<p id=\"wp-block-themeisle-blocks-advanced-heading-852c591d\" class=\"wp-block-themeisle-blocks-advanced-heading wp-block-themeisle-blocks-advanced-heading-852c591d\"><a href=\"#otorrino\"><strong>SAIBA MAIS<\/strong><\/a><\/p>\n<\/div>\n\n\n\n<div id=\"wp-block-themeisle-blocks-advanced-column-cd359245\" class=\"wp-block-themeisle-blocks-advanced-column\">\n<h3 class=\"wp-block-heading\">Acupuntura<\/h3>\n\n\n\n<p>Tratamento milenar da medicina chinesa, a acupuntura ainda exerce espanto e admira\u00e7\u00e3o pela sua simplicidade e efetividade no tratamento das mais diversas condi\u00e7\u00f5es.<\/p>\n\n\n\n<p id=\"wp-block-themeisle-blocks-advanced-heading-98c8b9c2\" class=\"wp-block-themeisle-blocks-advanced-heading wp-block-themeisle-blocks-advanced-heading-98c8b9c2\"><strong><a href=\"#acupuntura\">SAIBA MAIS<\/a><\/strong><\/p>\n<\/div>\n<\/div><\/div>\n\n\n\n<div id=\"wp-block-themeisle-blocks-advanced-columns-5a83b79b\" class=\"wp-block-themeisle-blocks-advanced-columns alignfull has-2-columns has-desktop-equal-layout has-tablet-equal-layout has-mobile-collapsedRows-layout has-vertical-center\"><div class=\"wp-block-themeisle-blocks-advanced-columns-overlay\"><\/div><div class=\"innerblocks-wrap\">\n<div id=\"wp-block-themeisle-blocks-advanced-column-02495679\" class=\"wp-block-themeisle-blocks-advanced-column ticss-48ef8f35\">\n<p id=\"wp-block-themeisle-blocks-advanced-heading-a67260d8\" class=\"wp-block-themeisle-blocks-advanced-heading wp-block-themeisle-blocks-advanced-heading-a67260d8\"><strong>SOBRE O DR. EKTOR<\/strong><\/p>\n\n\n\n<h2 class=\"wp-block-heading has-neve-text-color-color has-text-color\">Combinando Tradi\u00e7\u00f5es<\/h2>\n\n\n\n<p class=\"has-neve-text-color-color has-text-color\">Sua forma\u00e7\u00e3o e os estudos cont\u00ednuos t\u00eam um s\u00f3 objetivo: oferecer aos pacientes a possibilidade de chegar a um diagn\u00f3stico e propor o tratamento mais adequado, segundo uma vis\u00e3o integrativa que associa elementos da medicina ocidental e oriental.<br>Na \u00e1rea cl\u00ednica, tem grande experi\u00eancia em atender pacientes com <strong>zumbido<\/strong> e <strong>tontura<\/strong>, e exerce intensa atividade de ensino e pesquisa com participa\u00e7\u00e3o em eventos e congressos nacionais e internacionais para aulas, e apresenta\u00e7\u00e3o e publica\u00e7\u00e3o de trabalhos cient\u00edficos.<\/p>\n\n\n\n<p class=\"has-small-font-size\"><a href=\"#dsf\"><strong>MAIS SOBRE O DR.<\/strong><\/a><\/p>\n<\/div>\n\n\n\n<div id=\"wp-block-themeisle-blocks-advanced-column-67e16009\" class=\"wp-block-themeisle-blocks-advanced-column ticss-5418d6a3\">\n<figure class=\"wp-block-image size-large\"><img loading=\"lazy\" decoding=\"async\" width=\"1024\" height=\"768\" src=\"https:\/\/www.drektoronishi.com.br\/wp-content\/uploads\/2023\/07\/Imagem-do-WhatsApp-de-2023-07-01-as-16.37.05-1024x768.jpg\" alt=\"\" class=\"wp-image-422\" srcset=\"https:\/\/www.drektoronishi.com.br\/wp-content\/uploads\/2023\/07\/Imagem-do-WhatsApp-de-2023-07-01-as-16.37.05-1024x768.jpg 1024w, https:\/\/www.drektoronishi.com.br\/wp-content\/uploads\/2023\/07\/Imagem-do-WhatsApp-de-2023-07-01-as-16.37.05-300x225.jpg 300w, https:\/\/www.drektoronishi.com.br\/wp-content\/uploads\/2023\/07\/Imagem-do-WhatsApp-de-2023-07-01-as-16.37.05-768x576.jpg 768w, https:\/\/www.drektoronishi.com.br\/wp-content\/uploads\/2023\/07\/Imagem-do-WhatsApp-de-2023-07-01-as-16.37.05.jpg 1280w\" sizes=\"auto, (max-width: 1024px) 100vw, 1024px\" \/><\/figure>\n<\/div>\n<\/div><\/div>\n\n\n\n<div id=\"wp-block-themeisle-blocks-advanced-columns-194b2b21\" class=\"wp-block-themeisle-blocks-advanced-columns alignfull has-1-columns has-desktop-equal-layout has-tablet-equal-layout has-mobile-equal-layout has-vertical-unset has-light-bg\"><div class=\"wp-block-themeisle-blocks-advanced-columns-overlay\"><\/div><div class=\"innerblocks-wrap\">\n<div id=\"wp-block-themeisle-blocks-advanced-column-204c7024\" class=\"wp-block-themeisle-blocks-advanced-column\">\n<p id=\"otorrino\" class=\"wp-block-themeisle-blocks-advanced-heading otorrino\"><strong>EsPECIALIDADES EM OTORRINOLARINGOLOGIA<\/strong><\/p>\n\n\n\n<h2 id=\"wp-block-themeisle-blocks-advanced-heading-2ec13e75\" class=\"wp-block-themeisle-blocks-advanced-heading wp-block-themeisle-blocks-advanced-heading-2ec13e75\">Nariz, Ouvido e Garganta<\/h2>\n\n\n\n<div id=\"wp-block-themeisle-blocks-advanced-columns-33738250\" class=\"wp-block-themeisle-blocks-advanced-columns has-2-columns has-desktop-equal-layout has-tablet-equal-layout has-mobile-collapsedRows-layout has-vertical-unset\"><div class=\"wp-block-themeisle-blocks-advanced-columns-overlay\"><\/div><div class=\"innerblocks-wrap\">\n<div id=\"wp-block-themeisle-blocks-advanced-column-dcb20d99\" class=\"wp-block-themeisle-blocks-advanced-column\">\n<div id=\"wp-block-themeisle-blocks-advanced-columns-21cc50b0\" class=\"wp-block-themeisle-blocks-advanced-columns has-1-columns has-desktop-equal-layout has-tablet-equal-layout has-mobile-equal-layout has-vertical-unset\"><div class=\"wp-block-themeisle-blocks-advanced-columns-overlay\"><\/div><div class=\"innerblocks-wrap\">\n<div id=\"wp-block-themeisle-blocks-advanced-column-ae906af9\" class=\"wp-block-themeisle-blocks-advanced-column\">\n<h3 class=\"wp-block-heading\" style=\"font-style:normal;font-weight:400\">Cl\u00ednica<\/h3>\n\n\n\n<p>Uma s\u00e9rie de condi\u00e7\u00f5es podem ser resolvidas em atendimento, incluindo: perda auditiva, zumbido, tonturas, intoler\u00e2ncia a sons (hiperacusia, misofonia, fonofobia, surdez s\u00fabita, otosclerose, desvio de septo nasal, rinite al\u00e9rgica, sinusites agudas e cr\u00f4nicas, amigdalites, faringites, aftas e rouquid\u00e3o.<\/p>\n<\/div>\n<\/div><\/div>\n<\/div>\n\n\n\n<div id=\"wp-block-themeisle-blocks-advanced-column-fb9add15\" class=\"wp-block-themeisle-blocks-advanced-column\">\n<div id=\"wp-block-themeisle-blocks-advanced-columns-760cca18\" class=\"wp-block-themeisle-blocks-advanced-columns has-1-columns has-desktop-equal-layout has-tablet-equal-layout has-mobile-equal-layout has-vertical-unset\"><div class=\"wp-block-themeisle-blocks-advanced-columns-overlay\"><\/div><div class=\"innerblocks-wrap\">\n<div id=\"wp-block-themeisle-blocks-advanced-column-6dcbbe0b\" class=\"wp-block-themeisle-blocks-advanced-column\">\n<h3 class=\"wp-block-heading\" style=\"font-style:normal;font-weight:400\">Cirurgias Realizadas<\/h3>\n\n\n\n<p>Amigdalectomia, adenoidectomia, timpanotomia para tubo de ventila\u00e7\u00e3o, timpanoplastia e estapedotomia (com microsc\u00f3pio ou endosc\u00f3pio), timpanomastoidectomia, cirurgia da vertigem (descompress\u00e3o do saco endolinf\u00e1tico com ou sem shunt), septoplastia, turbinectomia e turbinoplastia, sinusectomia, cirurgia endosc\u00f3pica nasal minimamente invasiva e cirurgia do ronco e apneia do sono.<\/p>\n<\/div>\n<\/div><\/div>\n<\/div>\n<\/div><\/div>\n\n\n\n<h3 class=\"wp-block-heading has-text-align-left\">Hospitais em que atua<\/h3>\n\n\n\n<div id=\"wp-block-themeisle-blocks-slider-72f9a4f4\" class=\"wp-block-themeisle-blocks-slider alignwide glide\" data-per-view=\"1\" data-gap=\"0\" data-peek=\"0\" data-autoplay=\"true\" data-height=\"400px\" data-hide-arrows=\"false\"><div class=\"glide__track\" data-glide-el=\"track\"><div class=\"glide__slides\"><div class=\"wp-block-themeisle-blocks-slider-item-wrapper glide__slide\" tabindex=\"0\"><figure><img decoding=\"async\" class=\"wp-block-themeisle-blocks-slider-item\" src=\"https:\/\/www.drektoronishi.com.br\/wp-content\/uploads\/2023\/07\/sirio.png\" alt=\"\" title=\"\" data-id=\"431\"\/><figcaption>Hospital S\u00edrio Liban\u00eas<\/figcaption><\/figure><\/div><div class=\"wp-block-themeisle-blocks-slider-item-wrapper glide__slide\" tabindex=\"0\"><figure><img decoding=\"async\" class=\"wp-block-themeisle-blocks-slider-item\" src=\"https:\/\/www.drektoronishi.com.br\/wp-content\/uploads\/2023\/07\/saoluiz.png\" alt=\"\" title=\"\" data-id=\"432\"\/><figcaption>Hospital S\u00e3o Luiz<\/figcaption><\/figure><\/div><div class=\"wp-block-themeisle-blocks-slider-item-wrapper glide__slide\" tabindex=\"0\"><figure><img decoding=\"async\" class=\"wp-block-themeisle-blocks-slider-item\" src=\"https:\/\/www.drektoronishi.com.br\/wp-content\/uploads\/2023\/07\/oswaldocruz.png\" alt=\"\" title=\"\" data-id=\"433\"\/><figcaption><br>Hospital Oswaldo Cruz (Unidade Paulista)<br><\/figcaption><\/figure><\/div><div class=\"wp-block-themeisle-blocks-slider-item-wrapper glide__slide\" tabindex=\"0\"><figure><img decoding=\"async\" class=\"wp-block-themeisle-blocks-slider-item\" src=\"https:\/\/www.drektoronishi.com.br\/wp-content\/uploads\/2023\/07\/einstein.png\" alt=\"\" title=\"\" data-id=\"434\"\/><figcaption>Hospital Israelita Albert Einstein<br><\/figcaption><\/figure><\/div><\/div><div class=\"glide__bullets\" data-glide-el=\"controls[nav]\"><button class=\"glide__bullet\" data-glide-dir=\"=0\"><\/button><button class=\"glide__bullet\" data-glide-dir=\"=1\"><\/button><button class=\"glide__bullet\" data-glide-dir=\"=2\"><\/button><button class=\"glide__bullet\" data-glide-dir=\"=3\"><\/button><\/div><\/div><\/div>\n<\/div>\n<\/div><\/div>\n\n\n\n<div id=\"wp-block-themeisle-blocks-advanced-columns-768c4599\" class=\"wp-block-themeisle-blocks-advanced-columns alignfull has-2-columns has-desktop-equal-layout has-tablet-equal-layout has-mobile-collapsedRows-layout has-vertical-center\"><div class=\"wp-block-themeisle-blocks-advanced-columns-overlay\"><\/div><div class=\"innerblocks-wrap\">\n<div id=\"wp-block-themeisle-blocks-advanced-column-8dbc0649\" class=\"wp-block-themeisle-blocks-advanced-column ticss-5418d6a3\">\n<figure class=\"wp-block-image size-large\"><img loading=\"lazy\" decoding=\"async\" width=\"1024\" height=\"768\" src=\"https:\/\/www.drektoronishi.com.br\/wp-content\/uploads\/2023\/07\/Imagem-do-WhatsApp-de-2023-07-01-as-16.37.05-1024x768.jpg\" alt=\"\" class=\"wp-image-422\" srcset=\"https:\/\/www.drektoronishi.com.br\/wp-content\/uploads\/2023\/07\/Imagem-do-WhatsApp-de-2023-07-01-as-16.37.05-1024x768.jpg 1024w, https:\/\/www.drektoronishi.com.br\/wp-content\/uploads\/2023\/07\/Imagem-do-WhatsApp-de-2023-07-01-as-16.37.05-300x225.jpg 300w, https:\/\/www.drektoronishi.com.br\/wp-content\/uploads\/2023\/07\/Imagem-do-WhatsApp-de-2023-07-01-as-16.37.05-768x576.jpg 768w, https:\/\/www.drektoronishi.com.br\/wp-content\/uploads\/2023\/07\/Imagem-do-WhatsApp-de-2023-07-01-as-16.37.05.jpg 1280w\" sizes=\"auto, (max-width: 1024px) 100vw, 1024px\" \/><\/figure>\n<\/div>\n\n\n\n<div id=\"wp-block-themeisle-blocks-advanced-column-9635e5e0\" class=\"wp-block-themeisle-blocks-advanced-column ticss-48ef8f35\">\n<p id=\"acupuntura\" class=\"wp-block-themeisle-blocks-advanced-heading acupuntura\"><strong>MEDICINA TRADICIONAL CHINESA<\/strong><\/p>\n\n\n\n<h2 class=\"wp-block-heading has-text-align-right has-neve-text-color-color has-text-color\">A Sabedoria Oriental<\/h2>\n\n\n\n<p class=\"has-text-align-right has-neve-text-color-color has-text-color\">O est\u00edmulo dos pontos distribu\u00eddos no corpo todo ao longo de linhas denominadas meridianos, tem efeitos locais e \u00e0 dist\u00e2ncia (no Sistema Nervoso Central) que tornam a acupuntura uma grande aliada no tratamento de doen\u00e7as.<br>Em 2018, o Dr. Ektor teve a oportunidade de aprender com o Dr Toshikatsu Yamamoto (Miyazaki, Jap\u00e3o), refer\u00eancia na \u00e1rea e criador de uma t\u00e9cnica de craniopuntura r\u00e1pida e efetiva (Yamamoto New Scalp Acupuncture &#8211; YNSA).<\/p>\n<\/div>\n<\/div><\/div>\n\n\n\n<div id=\"wp-block-themeisle-blocks-advanced-columns-356eedc2\" class=\"wp-block-themeisle-blocks-advanced-columns has-1-columns has-desktop-equal-layout has-tablet-equal-layout has-mobile-collapsedRows-layout has-vertical-unset\"><div class=\"wp-block-themeisle-blocks-advanced-columns-overlay\"><\/div><div class=\"innerblocks-wrap\">\n<div id=\"wp-block-themeisle-blocks-advanced-column-1e1eccad\" class=\"wp-block-themeisle-blocks-advanced-column\">\n<h3 class=\"wp-block-heading\">Tratamentos<\/h3>\n\n\n\n<div id=\"wp-block-themeisle-blocks-advanced-columns-a9705d38\" class=\"wp-block-themeisle-blocks-advanced-columns has-2-columns has-desktop-equal-layout has-tablet-equal-layout has-mobile-collapsedRows-layout has-vertical-unset\"><div class=\"wp-block-themeisle-blocks-advanced-columns-overlay\"><\/div><div class=\"innerblocks-wrap\">\n<div id=\"wp-block-themeisle-blocks-advanced-column-9beea492\" class=\"wp-block-themeisle-blocks-advanced-column\">\n<h2 class=\"wp-block-heading\" style=\"font-size:28px;font-style:normal;font-weight:400\">Acupuntura<\/h2>\n\n\n\n<p>Est\u00edmulo de pontos situados sobre os meridianos com o uso de agulhas, produzindo efeitos no Sistema Nervoso Central. Possui consistentes respostas no tratamento de dores, ansiedade, ins\u00f4nia, depress\u00e3o, entre outros.<\/p>\n\n\n\n<h2 class=\"wp-block-heading\" style=\"font-size:28px;font-style:normal;font-weight:400\">Auriculoterapia<\/h2>\n\n\n\n<p>Visa os mesmos objetivos da acupuntura, baseando-se no est\u00edmulo de pontos espec\u00edficos no pavilh\u00e3o auricular para o tratamento.<\/p>\n<\/div>\n\n\n\n<div id=\"wp-block-themeisle-blocks-advanced-column-af9f4206\" class=\"wp-block-themeisle-blocks-advanced-column\">\n<h2 class=\"wp-block-heading\" style=\"font-size:28px;font-style:normal;font-weight:400\">Moxabust\u00e3o<\/h2>\n\n\n\n<p>Est\u00edmulo de pontos da acupuntura de forma menos invasiva, utilizando o calor da queima de um bast\u00e3o (feito de erva ou de carv\u00e3o) ao inv\u00e9s da insers\u00e3o de agulhas na pele. Tem efeitos semelhantes aos da acupuntura.<\/p>\n\n\n\n<h2 class=\"wp-block-heading\" style=\"font-size:28px;font-style:normal;font-weight:400\">Fitoterapia Chinesa<\/h2>\n\n\n\n<p>Utiliza de f\u00f3rmulas magistrais milenares para a elabora\u00e7\u00e3o de medica\u00e7\u00f5es customizadas para os problemas do paciente.<\/p>\n<\/div>\n<\/div><\/div>\n<\/div>\n<\/div><\/div>\n","protected":false},"excerpt":{"rendered":"","protected":false},"author":1,"featured_media":0,"parent":0,"menu_order":0,"comment_status":"closed","ping_status":"closed","template":"page-templates\/template-pagebuilder-full-width.php","meta":{"neve_meta_sidebar":"full-width","neve_meta_container":"","neve_meta_enable_content_width":"on","neve_meta_content_width":100,"neve_meta_title_alignment":"","neve_meta_author_avatar":"","neve_post_elements_order":"","neve_meta_disable_header":"","neve_meta_disable_footer":"","neve_meta_disable_title":"on","_themeisle_gutenberg_block_has_review":false,"_ti_tpc_template_sync":false,"_ti_tpc_template_id":"2esgfkx943akp7iqac7c","footnotes":""},"class_list":["post-408","page","type-page","status-publish","hentry"],"_links":{"self":[{"href":"https:\/\/www.drektoronishi.com.br\/index.php\/wp-json\/wp\/v2\/pages\/408","targetHints":{"allow":["GET"]}}],"collection":[{"href":"https:\/\/www.drektoronishi.com.br\/index.php\/wp-json\/wp\/v2\/pages"}],"about":[{"href":"https:\/\/www.drektoronishi.com.br\/index.php\/wp-json\/wp\/v2\/types\/page"}],"author":[{"embeddable":true,"href":"https:\/\/www.drektoronishi.com.br\/index.php\/wp-json\/wp\/v2\/users\/1"}],"replies":[{"embeddable":true,"href":"https:\/\/www.drektoronishi.com.br\/index.php\/wp-json\/wp\/v2\/comments?post=408"}],"version-history":[{"count":9,"href":"https:\/\/www.drektoronishi.com.br\/index.php\/wp-json\/wp\/v2\/pages\/408\/revisions"}],"predecessor-version":[{"id":453,"href":"https:\/\/www.drektoronishi.com.br\/index.php\/wp-json\/wp\/v2\/pages\/408\/revisions\/453"}],"wp:attachment":[{"href":"https:\/\/www.drektoronishi.com.br\/index.php\/wp-json\/wp\/v2\/media?parent=408"}],"curies":[{"name":"wp","href":"https:\/\/api.w.org\/{rel}","templated":true}]}}